
What is the thousands digit of 1672?
1
What is the hundreds digit of 955?
9
What is the tens digit of 23082?
8
What is the hundreds digit of 60974?
9
What is the thousands digit of 28153?
8
What is the tens digit of 2999?
9
What is the units digit of 1373?
3
What is the hundreds digit of 19865?
8
What is the units digit of 13418?
8
What is the tens digit of 246?
4
What is the ten thousands digit of 19824?
1
What is the thousands digit of 4793?
4
What is the hundreds digit of 1695?
6
What is the tens digit of 51080?
8
What is the tens digit of 2892?
9
What is the hundreds digit of 3302?
3
What is the hundreds digit of 26009?
0
What is the hundred thousands digit of 149904?
1
What is the hundreds digit of 2626?
6
What is the tens digit of 597?
9
What is the tens digit of 18118?
1
What is the thousands digit of 1010?
1
What is the tens digit of 5498?
9
What is the tens digit of 64220?
2
What is the hundreds digit of 12914?
9
What is the units digit of 4974?
4
What is the ten thousands digit of 21455?
2
What is the tens digit of 24365?
6
What is the units digit of 6854?
4
What is the hundreds digit of 1956?
9
What is the thousands digit of 56883?
6
What is the hundreds digit of 347?
3
What is the tens digit of 24452?
5
What is the tens digit of 60476?
7
What is the units digit of 60531?
1
What is the hundreds digit of 634?
6
What is the tens digit of 2296?
9
What is the units digit of 875?
5
What is the units digit of 7091?
1
What is the tens digit of 920?
2
What is the hundreds digit of 30656?
6
What is the hundreds digit of 21734?
7
What is the hundreds digit of 2035?
0
What is the hundreds digit of 14390?
3
What is the hundreds digit of 180?
1
What is the tens digit of 3313?
1
What is the thousands digit of 1446?
1
What is the tens digit of 338?
3
What is the thousands digit of 4839?
4
What is the tens digit of 104?
0
What is the units digit of 1057?
7
What is the hundreds digit of 31515?
5
What is the tens digit of 1093?
9
What is the tens digit of 2113?
1
What is the thousands digit of 1638?
1
What is the units digit of 632?
2
What is the units digit of 4521?
1
What is the thousands digit of 5238?
5
What is the hundreds digit of 24153?
1
What is the tens digit of 24?
2
What is the units digit of 579?
9
What is the thousands digit of 13987?
3
What is the ten thousands digit of 46330?
4
What is the hundreds digit of 37987?
9
What is the units digit of 973?
3
What is the thousands digit of 2559?
2
What is the units digit of 87046?
6
What is the tens digit of 12232?
3
What is the units digit of 1138?
8
What is the tens digit of 14265?
6
What is the tens digit of 793?
9
What is the hundreds digit of 22710?
7
What is the hundreds digit of 16316?
3
What is the tens digit of 1237?
3
What is the tens digit of 92080?
8
What is the units digit of 475?
5
What is the hundreds digit of 15986?
9
What is the thousands digit of 7333?
7
What is the hundreds digit of 5668?
6
What is the units digit of 2?
2
What is the thousands digit of 2815?
2
What is the ten thousands digit of 72099?
7
What is the hundreds digit of 814?
8
What is the tens digit of 21080?
8
What is the units digit of 35?
5
What is the thousands digit of 9729?
9
What is the thousands digit of 2025?
2
What is the tens digit of 296?
9
What is the hundreds digit of 40993?
9
What is the ten thousands digit of 57761?
5
What is the hundreds digit of 11309?
3
What is the units digit of 27035?
5
What is the units digit of 74465?
5
What is the tens digit of 736?
3
What is the units digit of 403?
3
What is the hundred thousands digit of 100072?
1
What is the hundreds digit of 12770?
7
What is the units digit of 4143?
3
What is the hundreds digit of 19465?
4
What is the hundreds digit of 7825?
8
What is the hundreds digit of 13264?
2
What is the tens digit of 4551?
5
What is the thousands digit of 3886?
3
What is the thousands digit of 6929?
6
What is the ten thousands digit of 46666?
4
What is the ten thousands digit of 39072?
3
What is the thousands digit of 14850?
4
What is the units digit of 4051?
1
What is the tens digit of 22543?
4
What is the hundreds digit of 296?
2
What is the ten thousands digit of 11571?
1
What is the units digit of 1487?
7
What is the hundreds digit of 548?
5
What is the tens digit of 8102?
0
What is the tens digit of 12857?
5
What is the units digit of 6709?
9
What is the units digit of 37884?
4
What is the units digit of 8923?
3
What is the hundreds digit of 76221?
2
What is the tens digit of 5710?
1
What is the units digit of 2076?
6
What is the thousands digit of 1979?
1
What is the units digit of 764?
4
What is the units digit of 2240?
0
What is the thousands digit of 55799?
5
What is the units digit of 6127?
7
What is the thousands digit of 1455?
1
What is the ten thousands digit of 68049?
6
What is the units digit of 1302?
2
What is the tens digit of 758?
5
What is the thousands digit of 1003?
1
What is the hundreds digit of 1267?
2
What is the hundreds digit of 1254?
2
What is the units digit of 637?
7
What is the ten thousands digit of 74740?
7
What is the units digit of 90742?
2
What is the hundreds digit of 190?
1
What is the hundreds digit of 33601?
6
What is the thousands digit of 2784?
2
What is the ten thousands digit of 31958?
3
What is the tens digit of 3355?
5
What is the hundred thousands digit of 160041?
1
What is the hundreds digit of 36385?
3
What is the units digit of 971?
1
What is the units digit of 4105?
5
What is the thousands digit of 130114?
0
What is the hundreds digit of 4846?
8
What is the thousands digit of 67076?
7
What is the tens digit of 31343?
4
What is the units digit of 1390?
0
What is the tens digit of 33096?
9
What is the tens digit of 1100?
0
What is the units digit of 48071?
1
What is the units digit of 470?
0
What is the hundreds digit of 38633?
6
What is the tens digit of 537?
3
What is the tens digit of 449?
4
What is the hundreds digit of 102697?
6
What is the thousands digit of 4565?
4
What is the units digit of 12136?
6
What is the units digit of 6986?
6
What is the thousands digit of 2276?
2
What is the units digit of 43391?
1
What is the units digit of 1732?
2
What is the units digit of 272?
2
What is the units digit of 1197?
7
What is the tens digit of 1760?
6
What is the units digit of 23957?
7
What is the hundreds digit of 5675?
6
What is the tens digit of 5096?
9
What is the units digit of 5477?
7
What is the ten thousands digit of 42917?
4
What is the hundreds digit of 2536?
5
What is the hundreds digit of 21680?
6
What is the tens digit of 81639?
3
What is the units digit of 831?
1
What is the ten thousands digit of 17195?
1
What is the hundreds digit of 41739?
7
What is the tens digit of 3848?
4
What is the units digit of 3068?
8
What is the ten thousands digit of 22600?
2
What is the units digit of 1265?
5
What is the tens digit of 911?
1
What is the thousands digit of 1977?
1
What is the ten thousands digit of 73221?
7
What is the hundreds digit of 1078?
0
What is the tens digit of 1924?
2
What is the units digit of 4247?
7
What is the hundreds digit of 1908?
9
What is the ten thousands digit of 32797?
3
What is the units digit of 12165?
5
What is the tens digit of 37446?
4
What is the tens digit of 947?
4
What is the units digit of 33638?
8
What is the tens digit of 441?
4
What is the hundreds digit of 3732?
7
What is the units digit of 7590?
0
What is the tens digit of 1005?
0
What is the hundreds digit of 4545?
5
What is the tens digit of 8159?
5
What is the tens digit of 543?
4
What is the hundred thousands digit of 119527?
1
What is the units digit of 42011?
1
What is the thousands digit of 1555?
1
What is the tens digit of 3044?
4
What is the ten thousands digit of 91480?
9
What is the units digit of 2429?
9
What is the hundreds digit of 26886?
8
What is the hundreds digit of 7468?
4
What is the units digit of 2176?
6
What is the hundreds digit of 21424?
4
What is the thousands digit of 1227?
1
What is the hundreds digit of 714?
7
What is the units digit of 3785?
5
What is the tens digit of 714?
1
What is the thousands digit of 169010?
9
What is the units digit of 13799?
9
What is the tens digit of 29315?
1
What is the hundreds digit of 55836?
8
What is the ten thousands digit of 16568?
1
What is the unit